s the remainder when 87 is divided by s(12)?
15
Let m(a) = -a**3 + 3*a**2 - a - 120. Let u be m(0). Let c = -97 - u. Calculate the remainder when 38 is divided by c.
15
Let s = 127 - 74. Let x = s + -47. Calculate the remainder when 21 is divided by x.
3
Let p = -11 + -9. Let h = p + 32. Suppose 0 = 6*c - h*c + 36. What is the remainder when 10 is divided by c?
4
Let q(i) = 21*i**2 - 4*i - 43. Calculate the remainder when q(-5) is divided by 56.
54
Suppose 63 + 6 = 3*v. Let b(q) = 12*q + 397. Calculate the remainder when v is divided by b(-32).
10
Let y(d) = -10*d**3 - 2*d**2 - 10*d - 26. What is the remainder when y(-3) is divided by 5?
1
Let m be 0/(1 - (1 + 1)). Suppose m = p - 4 + 2. Let a = -11 - -13. What is the remainder when p is divided by a?
0
Let m = 20 + -21. What is the remainder when 43 + (0 + m + 3)*-1 is divided by 14?
13
Let h be (-410)/((32/(-8))/(1 + 1)). What is the remainder when h/10 - -4 - (-2)/4 is divided by 14?
11
Let w be (-1)/5 + 21/5. Suppose 0*t = -t - w*c + 23, -t + 2*c = 7. Let g(b) = b + 5. Calculate the remainder when g(6) is divided by t.
2
Suppose -21*h = -20*h + 5*m - 19, -h - m = -15. What is the remainder when 138 is divided by h?
12
Let s = 12 - 12. Suppose 2*u + 9 = 5*a, 2*a - 2*u = -s*u. What is the remainder when 14 is divided by ((-20)/(-8) - a)*-16?
6
Calculate the remainder when 292 is divided by (2040/75)/((-14)/(-35)).
20
Suppose 43*d = 45*d - 22. Calculate the remainder when 40 is divided by d.
7
Let l(a) = -14*a - 26. Suppose 3*x = -3*p + 10 + 26, 8 = -2*x. What is the remainder when l(-4) is divided by p?
14
Let t(r) = -r**2 - 2*r + 5. Suppose -2*y - 1 = h - 7, 4*h + 6 = 2*y. Calculate the remainder when 12 is divided by t(h).
2
Let n = 384 + -345. What is the remainder when n is divided by 11?
6
Suppose 2*k - 18 - 62 = 0. Calculate the remainder when 126 is divided by k.
6
Let r be (4/6)/((-20)/(-90)). Suppose 0 = a - r - 2. Suppose 2 = -k + a. What is the remainder when k is divided by 2?
1
Let l = 17 + -12. Calculate the remainder when l/2*72/45 is divided by 2.
0
Suppose -z = 3, 0 = 5*l + z + 2*z - 176. Suppose -2*h + 5*g - 2*g = -l, 2*g = h - 21. Calculate the remainder when h is divided by 6.
5
What is the remainder when 522 + 0/(1 + 6) + -5 is divided by 132?
121
Suppose -p = -1, p + 25 = 2*o - 2*p. What is the remainder when 106 is divided by o?
8
Let k(r) = r**2 - 14*r + 25. Let m(j) = j**3 + 9*j**2 + 11*j + 7. Let q be m(-7). Suppose -2*h = q - 126. Calculate the remainder when h is divided by k(14).
24
Let f = -22 + 18. Let g be (-206)/f - 9/(-6). Suppose -2*a + a + 2 = 0, -5*y + g = 4*a. What is the remainder when 26 is divided by y?
8
Let c = 135 + -118. What is the remainder when 507 is divided by c?
14
Let a(h) = 4*h**2 - 24*h + 20. What is the remainder when a(6) is divided by 7?
6
Let h(c) = -c - 2. Let m be h(-4). Suppose 0 = 3*x - m*w + 10, -3*x - w = 4*w + 17. What is the remainder when 8 is divided by -3 + (-1 - -3 - x)?
2
Suppose 42*h + 144 = 51*h. Calculate the remainder when 105 is divided by h.
9
Suppose -76 = -2*d - 8. Let c = 1494 + -1395. Calculate the remainder when c is divided by d.
31
What is the remainder when (122 - (16 + -11)) + 1 is divided by 72?
46
Let q be 12/(-2)*(-13)/39. Suppose 3*o - q = 97. Calculate the remainder when 94 is divided by o.
28
Let j(r) = -21*r**3 + r**2 + 2*r - 4. What is the remainder when 499 is divided by j(-2)?
7
Let v = -18 - -26. Suppose d + 50 = 2*g, -3*g + 3*d + 59 = -22. What is the remainder when g is divided by v?
7
Let h(r) = r + 11. Let x = -5 + 13. Calculate the remainder when x is divided by h(-5).
2
Calculate the remainder when 13*(-4)/8*(-12)/2 is divided by 22.
17
Let s(i) = -i**2 - 20*i - 80. Calculate the remainder when 83 is divided by s(-10).
3
Suppose 42*v + 3312 = 50*v. Calculate the remainder when v is divided by 26.
24
Let i = -956 + 964. Calculate the remainder when 119 is divided by i.
7
Suppose 100 = 3*i - 4*w - 0*w, 0 = -i - 5*w + 8. Suppose 0 = -3*k + 41 + i. Let y(f) = 2*f**2 + 4*f - 8. What is the remainder when k is divided by y(-4)?
7
Suppose -58*a - 16 = -62*a. Let x be (2/(-6))/((-1)/9). Suppose 0*q + x*z - 45 = -4*q, -5*q + a*z + 33 = 0. What is the remainder when 33 is divided by q?
6
Let m(b) = b**2 + 2*b - 9. Let i = 23 - 23. Suppose 3*t - r = -t - 19, i = t + r + 6. Calculate the remainder when 11 is divided by m(t).
5
Let n(i) = i + 1. Let m be n(5). Calculate the remainder when (m*6 + 1)/1 is divided by 8.
5
Suppose -3*n - 28 + 1960 = 4*i, -3*i = n - 1444. Suppose 5*t - i + 60 = 0. Suppose -4*p = -39 - 77. Calculate the remainder when t is divided by p.
26
Suppose -12*m + 98 = -9*m - 5*h, -2*m + h = -77. Calculate the remainder when m is divided by 20.
1
Suppose 2*o = 4*o + 14. Let z(b) = -6*b - 9. Let y be z(o). Let r = y + -20. Calculate the remainder when 49 is divided by r.
10
Calculate the remainder when 128/1088 - 3211/(-17) is divided by 50.
39
Suppose -6*y = -y - 15. Let i be (y - (-12)/(-1))/1. What is the remainder when 6 is divided by 1/3*(0 - i)?
0
Let q(l) = 56*l**2 + 2*l + 2. Suppose 5*v + 2*j + 0*j - 1 = 0, 14 = -5*v + 3*j. What is the remainder when q(v) is divided by 19?
18
Let q = 772 + -676. Calculate the remainder when 382 is divided by q.
94
Suppose -3*n + 143 = 2*f, -38*f = -43*f + n + 366. Calculate the remainder when 225 is divided by f.
6
Let l(r) = -26*r + 1. What is the remainder when 146 is divided by l(-1)?
11
Let r be (-3)/9 + 14/6. Let n be -19 + 4 - (-3 + r). What is the remainder when 11 is divided by 1/(2 - n/(-8))?
3
Suppose 0 = -10*c + 35 + 5. Calculate the remainder when 29 is divided by c.
1
Suppose -4351 = -27*t - 1300. Calculate the remainder when 447 is divided by t.
108
Suppose -5*g + 3*n + 0*n + 21 = 0, 5*g - 25 = 5*n. Suppose -g*b + 56 = 38. What is the remainder when 22 is divided by b?
4
Suppose 5*f - 5*w = f - 403, 5*f = 3*w - 507. Let c be ((-660)/8 + 2)/((-1)/2). Let j = f + c. Calculate the remainder when j is divided by 21.
17
Suppose 5*j + 2*r - 3 = 0, r + 1 = 3*j + 3*r. What is the remainder when 141 is divided by j + 1 - -37 - 3?
33
Calculate the remainder when (632/237)/((-2)/(-264)) is divided by 20.
12
Let y = -265 + 282. Calculate the remainder when 62 is divided by y.
11
Let t(x) = 13 - 30 + 19 + 53*x**2. What is the remainder when t(1) is divided by 20?
15
Suppose -1 = -5*p + 4*i + 3, -2*p = -3*i + 4. Suppose p*z + 3*q - 514 = 0, -4*z - 2*q + 516 = -0*q. Calculate the remainder when z is divided by 33.
31
Let d(s) = 3*s**2 + 7*s + 23. What is the remainder when d(0) is divided by 13?
10
Let c be 2/3 - (49/(-3) - -2). Let x = -9 + c. Calculate the remainder when 22 is divided by x.
4
Let k(z) = 3*z + 14 - 2*z - 3*z + 3*z. Let a be k(-12). Suppose -v - a*j - 6 = 0, 3*v - 2 = -3*j - 5. Calculate the remainder when v is divided by 4.
0
Suppose 245 = 32*w - 491. Calculate the remainder when 154 is divided by w.
16
Let a = -86 - -155. Let x = a + -34. What is the remainder when x is divided by 3?
2
Let r be (4/14)/(2/14). Let o be 21/(-9)*-3 + 1. Let b = r + o. What is the remainder when b is divided by 6?
4
Let m(j) = 26*j**2 + 4*j - 2. Let n(z) = 82*z. Calculate the remainder when n(1) is divided by m(1).
26
Suppose 5*g = g + 28. Let v(a) = 3*a**2 - 5*a - 7. What is the remainder when v(g) is divided by 18?
15
Let r = 961 - 954. Calculate the remainder when 34 is divided by r.
6
Calculate the remainder when 65 is divided by (-339)/(-9) + -1 + (-11)/(-33).
28
Let z(k) = k**3 + 17*k**2 - k - 8. Let b be z(-17). Let i(c) = c**2 - 3*c - 12. Calculate the remainder when i(b) is divided by 16.
10
Let v(m) = 14*m**2 - 3*m - 25. Let y be v(-7). Suppose 3*h = -8*h + y. What is the remainder when h is divided by 7?
6
Let t(x) = -x**2 + 9*x - 3. Let k be t(4). Let l = k + -13. Calculate the remainder when 7*(-14)/(-49) + 1*13 is divided by l.
3
Let p(b) = -4*b**2 - 1 - 39*b + 6*b**2 + 36*b. What is the remainder when 39 is divided by p(3)?
7
Suppose 0 = -3*w + 5*r + 22, -w - 2*r - 2*r = 4. Let j = w + 5. Calculate the remainder when 102 is divided by (-19)/(-171) + 134/j.
12
Suppose -2*h + 59 - 53 = 0. What is the remainder when 8 is divided by h?
2
Suppose -4*c - 7 = 3*l, -2*c - 4*l - 25 = -9. Let f(s) = s**3 + 44*s**2 + 5*s + 4 - 39*s**c - 2